{"id":122,"date":"2023-03-01T20:47:12","date_gmt":"2023-03-01T17:47:12","guid":{"rendered":"https:\/\/lev.com.tr\/?page_id=122"},"modified":"2023-03-01T20:47:12","modified_gmt":"2023-03-01T17:47:12","slug":"atik-yonetimi","status":"publish","type":"page","link":"https:\/\/lev.com.tr\/?page_id=122","title":{"rendered":"At\u0131k Y\u00f6netimi"},"content":{"rendered":"\n<figure class=\"wp-block-image size-full\"><img decoding=\"async\" loading=\"lazy\" width=\"960\" height=\"720\" src=\"https:\/\/lev.com.tr\/wp-content\/uploads\/2023\/03\/ATIKYONETIMIHIYERARSISI.jpg\" alt=\"\" class=\"wp-image-123\" srcset=\"https:\/\/lev.com.tr\/wp-content\/uploads\/2023\/03\/ATIKYONETIMIHIYERARSISI.jpg 960w, https:\/\/lev.com.tr\/wp-content\/uploads\/2023\/03\/ATIKYONETIMIHIYERARSISI-300x225.jpg 300w, https:\/\/lev.com.tr\/wp-content\/uploads\/2023\/03\/ATIKYONETIMIHIYERARSISI-768x576.jpg 768w\" sizes=\"(max-width: 960px) 100vw, 960px\" \/><figcaption class=\"wp-element-caption\">                                                                     ATIK Y\u00d6NET\u0130M\u0130 H\u0130YERAR\u015e\u0130S\u0130<\/figcaption><\/figure>\n\n\n\n<h3>At\u0131k Y\u00f6netimi Dan\u0131\u015fmanl\u0131\u011f\u0131 Hizmetlerimiz<\/h3>\n\n\n\n<p>At\u0131k: \u00dcreticisi veya fiilen elinde bulunduran ger\u00e7ek veya t\u00fczel ki\u015fi taraf\u0131ndan \u00e7evreye at\u0131lan veya b\u0131rak\u0131lan ya da at\u0131lmas\u0131 zorunlu olan herhangi bir madde veya materyali ifade etmektedir.<\/p>\n\n\n\n<p>At\u0131k Y\u00f6netimi: At\u0131\u011f\u0131n olu\u015fumunun \u00f6nlenmesi, kayna\u011f\u0131nda azalt\u0131lmas\u0131, yeniden kullan\u0131lmas\u0131, \u00f6zelli\u011fine ve t\u00fcr\u00fcne g\u00f6re ayr\u0131lmas\u0131, biriktirilmesi, toplanmas\u0131, ge\u00e7ici depolanmas\u0131, ta\u015f\u0131nmas\u0131, ara depolanmas\u0131, geri d\u00f6n\u00fc\u015f\u00fcm\u00fc, enerji geri kazan\u0131m\u0131 d\u00e2hil geri kazan\u0131lmas\u0131, bertaraf\u0131, bertaraf i\u015flemleri sonras\u0131 izlenmesi, kontrol\u00fc ve denetimi faaliyetlerini ifade etmektedir.<\/p>\n\n\n\n<p>At\u0131k dan\u0131\u015fmanl\u0131\u011f\u0131 kapsam\u0131nda sundu\u011fumuz hizmetler;<br>\u2022&nbsp;&nbsp; &nbsp;\u0130\u015fletmenin hammadde giri\u015finden, \u00fcr\u00fcn \u00e7\u0131k\u0131\u015f\u0131na kadar t\u00fcm s\u00fcre\u00e7lerinin g\u00f6zden ge\u00e7irilmesi ve de\u011ferlendirilmesi,<br>\u2022&nbsp;&nbsp; &nbsp;At\u0131k Y\u00f6netimi Y\u00f6netmeli\u011fi kapsam\u0131nda at\u0131k ve at\u0131k kodlar\u0131n\u0131n tespiti,<br>\u2022&nbsp;&nbsp; &nbsp;At\u0131klar\u0131n s\u0131n\u0131fland\u0131r\u0131lmas\u0131 (Tehlikeli, Tehlikesiz ve Ambalaj at\u0131klar\u0131 v.b.)<br>\u2022&nbsp;&nbsp; &nbsp;Analiz gerektiren at\u0131k t\u00fcrlerinin tespiti ve akredite laboratuvarlarca analiz raporlar\u0131n\u0131n yap\u0131lmas\u0131 i\u015finin koordinasyonu,<br>\u2022&nbsp;&nbsp; &nbsp;\u0130\u015fletme i\u00e7erisinde kayna\u011f\u0131nda ayr\u0131 toplama hedefine uygun at\u0131k toplama noktalar\u0131n\u0131n olu\u015fturulmas\u0131,<br>\u2022&nbsp;&nbsp; &nbsp;At\u0131klar i\u00e7in uygun lisansl\u0131 firmalar\u0131n tespiti ve g\u00f6nderimlerinde koordinasyon sa\u011flanmas\u0131,<br>\u2022&nbsp;&nbsp; &nbsp;At\u0131k Ge\u00e7ici Depolama Alanlar\u0131n\u0131n yasal kriterlere uygun \u015fekilde yap\u0131lmas\u0131\/ yapt\u0131r\u0131lmas\u0131,<\/p>\n","protected":false},"excerpt":{"rendered":"<p>At\u0131k Y\u00f6netimi Dan\u0131\u015fmanl\u0131\u011f\u0131 Hizmetlerimiz At\u0131k: \u00dcreticisi veya fiilen elinde bulunduran ger\u00e7ek veya t\u00fczel ki\u015fi taraf\u0131ndan \u00e7evreye at\u0131lan veya b\u0131rak\u0131lan ya da at\u0131lmas\u0131 zorunlu olan herhangi bir madde veya materyali ifade etmektedir. At\u0131k Y\u00f6netimi: At\u0131\u011f\u0131n olu\u015fumunun \u00f6nlenmesi, kayna\u011f\u0131nda azalt\u0131lmas\u0131, yeniden kullan\u0131lmas\u0131, \u00f6zelli\u011fine ve t\u00fcr\u00fcne g\u00f6re ayr\u0131lmas\u0131, biriktirilmesi, toplanmas\u0131, ge\u00e7ici depolanmas\u0131, ta\u015f\u0131nmas\u0131, [&hellip;]<\/p>\n","protected":false},"author":1,"featured_media":0,"parent":0,"menu_order":0,"comment_status":"closed","ping_status":"closed","template":"","meta":[],"_links":{"self":[{"href":"https:\/\/lev.com.tr\/index.php?rest_route=\/wp\/v2\/pages\/122"}],"collection":[{"href":"https:\/\/lev.com.tr\/index.php?rest_route=\/wp\/v2\/pages"}],"about":[{"href":"https:\/\/lev.com.tr\/index.php?rest_route=\/wp\/v2\/types\/page"}],"author":[{"embeddable":true,"href":"https:\/\/lev.com.tr\/index.php?rest_route=\/wp\/v2\/users\/1"}],"replies":[{"embeddable":true,"href":"https:\/\/lev.com.tr\/index.php?rest_route=%2Fwp%2Fv2%2Fcomments&post=122"}],"version-history":[{"count":1,"href":"https:\/\/lev.com.tr\/index.php?rest_route=\/wp\/v2\/pages\/122\/revisions"}],"predecessor-version":[{"id":124,"href":"https:\/\/lev.com.tr\/index.php?rest_route=\/wp\/v2\/pages\/122\/revisions\/124"}],"wp:attachment":[{"href":"https:\/\/lev.com.tr\/index.php?rest_route=%2Fwp%2Fv2%2Fmedia&parent=122"}],"curies":[{"name":"wp","href":"https:\/\/api.w.org\/{rel}","templated":true}]}}