{"id":128,"date":"2023-03-01T21:43:33","date_gmt":"2023-03-01T18:43:33","guid":{"rendered":"https:\/\/lev.com.tr\/?page_id=128"},"modified":"2023-03-01T23:17:51","modified_gmt":"2023-03-01T20:17:51","slug":"emisyon-baca-gazi-hava-kalitesi-olcumleri","status":"publish","type":"page","link":"https:\/\/lev.com.tr\/?page_id=128","title":{"rendered":"EM\u0130SYON &#8211; \u0130M\u0130SYON"},"content":{"rendered":"\n<figure class=\"wp-block-image size-full\"><img decoding=\"async\" loading=\"lazy\" width=\"1024\" height=\"386\" src=\"https:\/\/lev.com.tr\/wp-content\/uploads\/2023\/03\/emisyon-baca-gazi-olcumleri.png\" alt=\"\" class=\"wp-image-129\" srcset=\"https:\/\/lev.com.tr\/wp-content\/uploads\/2023\/03\/emisyon-baca-gazi-olcumleri.png 1024w, https:\/\/lev.com.tr\/wp-content\/uploads\/2023\/03\/emisyon-baca-gazi-olcumleri-300x113.png 300w, https:\/\/lev.com.tr\/wp-content\/uploads\/2023\/03\/emisyon-baca-gazi-olcumleri-768x290.png 768w\" sizes=\"(max-width: 1024px) 100vw, 1024px\" \/><figcaption class=\"wp-element-caption\"><br>Hava Kalitesi Laboratuvar\u0131m\u0131zda; e\u011fitimli ve deneyimli uzman kadromuzla Sanayi Kaynakl\u0131 Hava Kirlili\u011fi Kontrol\u00fc Y\u00f6netmeli\u011fi kapsam\u0131nda emisyon \u00f6l\u00e7\u00fcm\u00fc, imisyon \u00f6l\u00e7\u00fcm\u00fc (hava kalitesi) ve hava kalitesi modellemeleri ger\u00e7ekle\u015ftirilmektedir. Laboratuvar\u0131m\u0131zda sanayi ve enerji \u00fcretim tesislerinin faaliyetleri sonucu atmosfere yay\u0131lan is, duman, toz, gaz, buhar ve aerosol halindeki emisyonlar\u0131 kontrol alt\u0131na al\u0131nmas\u0131, hava kirlenmeleri sebebiyle \u00e7evrede ortaya \u00e7\u0131kan olumsuz etkilerin giderilmesi ve bu etkilerin tekrar ortaya \u00e7\u0131kmamas\u0131n\u0131n sa\u011flanmas\u0131 amac\u0131yla hava kalitesi kapsam\u0131nda y\u00fcr\u00fcrl\u00fc\u011fe konmu\u015f mevzuatlara uygun \u00f6l\u00e7\u00fcm, \u00f6rnekleme ve analizler yap\u0131lmaktad\u0131r. Bir kaynaktan yay\u0131lan ve \u00e7evre i\u00e7in zararl\u0131 etkileri olan her t\u00fcrl\u00fc gaz, s\u0131v\u0131 ve kat\u0131 at\u0131k emisyon olarak adland\u0131r\u0131l\u0131r. Herhangi bir tesisten \u00e7evreye, do\u011faya emisyon yayan cihazlar, \u00fcretim prosesleri, bacalar vb \u015feylerdir. TS EN\/IEC 17025 kalite sistemi \u00e7er\u00e7evesinde Urban \u00c7evre Laboratuvar\u0131, T.C. \u00c7evre, \u015eehircilik ve \u0130klim Bakanl\u0131\u011f\u0131\u2019n\u0131n 27277 say\u0131l\u0131 \u201cSanayiden Kaynakl\u0131 Hava Kirlili\u011finin Kontrol\u00fc Y\u00f6netmeli\u011fi\u201d gere\u011fi \u00f6l\u00e7\u00fcmleri ger\u00e7ekle\u015ftirir. Emisyon \u00f6l\u00e7\u00fcm\u00fc kapsam\u0131nda a\u015fa\u011f\u0131daki parametrelerin \u00f6l\u00e7\u00fcm, \u00f6rnekleme ve analizler laboratuvar\u0131m\u0131z taraf\u0131ndan yap\u0131lmaktad\u0131r.<br>Emisyon ve \u0130misyon \u00f6l\u00e7\u00fcmleri i\u00e7in Laboratuvarlar\u0131n T\u00dcRKAK\u2019 tan Akredite olmas\u0131, \u00c7evre ve \u015eehircilik Bakanl\u0131\u011f\u0131 taraf\u0131ndan yetkilendirilmesi ve bakanl\u0131k taraf\u0131ndan verilen e\u011fitimlere kat\u0131lan sertifikal\u0131 personel bulundurmas\u0131 gereklidir. Ger\u00e7ekle\u015ftirilen t\u00fcm \u00f6l\u00e7\u00fcmler tecr\u00fcbeli ve \u00c7evre, \u015eehircilik ve \u0130klim Bakanl\u0131\u011f\u0131 taraf\u0131ndan yetkilendirilmi\u015f belgeli personeller taraf\u0131ndan ger\u00e7ekle\u015ftirilmektedir.<br>Bacada Partik\u00fcl Madde (Toz) \u00d6l\u00e7\u00fcm\u00fc<br>Bacada A\u011f\u0131r Metal \u00d6l\u00e7\u00fcm\u00fc ( Antimon , Arsenik , Bak\u0131r , Baryum , Berilyum , Civa , \u00c7inko , Fosfor,<br>G\u00fcm\u00fc\u015f , Kadmiyum , Kobalt , Krom , Kur\u015fun , Mangan , Nikel , Selenyum , Talyum )<br>Bacada Yanma Gazlar\u0131 \u00d6l\u00e7\u00fcm\u00fc (CO, CO2, O2, SO2, NOx, NO, NO2)<br>Bacada HCl (Klor)-HF (Flor) \u00d6l\u00e7\u00fcm ve Analizi<br>Bacada U\u00e7ucu Organik Bile\u015fikler (VOC) \u00d6rnekleme ve analizi<br>Bacada H\u2082SO\u2084, SO\u2082, SO\u2083 (S\u00fclf\u00fcrik asit) \u00d6l\u00e7\u00fcm\u00fc<br>Bacada Toplam Organik Bile\u015fikler (TOC) \u00d6l\u00e7\u00fcm\u00fc<br>Bacada \u0130slilik Analizi<br>Bacada H\u0131z, Debi, Nem, S\u0131cakl\u0131k Tayini<br>K\u00fctlesel Debi Hesaplanmas\u0131<br>Kazan Verim \u00d6l\u00e7\u00fcm\u00fc<br>PM 10 \u00d6l\u00e7\u00fcm\u00fc<br>\u00c7\u00f6ken Toz \u00d6l\u00e7\u00fcm\u00fc<br>PM 10 ve \u00c7\u00f6ken Tozda A\u011f\u0131r Metal \u00d6l\u00e7\u00fcm\u00fc<br>\u0130misyon \u00d6l\u00e7\u00fcm\u00fcAl\u00fcminyum(Al)<br>\u0130misyon \u00d6l\u00e7\u00fcm\u00fcArsenik (As)<br>\u0130misyon \u00d6l\u00e7\u00fcm\u00fcBaryum(Ba)<br>\u0130misyon \u00d6l\u00e7\u00fcm\u00fcKadmiyum (Cd)<br>\u0130misyon \u00d6l\u00e7\u00fcm\u00fcKobalt (Co)<br>\u0130misyon \u00d6l\u00e7\u00fcm\u00fcKrom (Cr)<br>\u0130misyon \u00d6l\u00e7\u00fcm\u00fcBak\u0131r (Cu)<br>\u0130misyon \u00d6l\u00e7\u00fcm\u00fcMangan (Mn)<br>\u0130misyon \u00d6l\u00e7\u00fcm\u00fcNikel (Ni)<br>\u0130misyon \u00d6l\u00e7\u00fcm\u00fcKur\u015fun (Pb),<br>\u0130misyon \u00d6l\u00e7\u00fcm\u00fcSelenyum (Se)<br>\u0130misyon \u00d6l\u00e7\u00fcm\u00fcKalay (Sn)<br>\u0130misyon \u00d6l\u00e7\u00fcm\u00fcVanadyum (V)<br>\u0130misyon \u00d6l\u00e7\u00fcm\u00fcAntimon (Sb),<br>\u0130misyon \u00d6l\u00e7\u00fcm\u00fcTalyum (Tl)<br>\u0130misyon \u00d6l\u00e7\u00fcm\u00fc\u00c7inko (Zn)<br>K\u00fctlesel Debi Hesaplanmas\u0131<br>Hava Kalitesi Modellemesi ve \u00d6l\u00e7\u00fcm Raporu<br>Kirletici Parametrelerin Da\u011f\u0131l\u0131m Haritalar\u0131n\u0131n \u00c7\u0131kar\u0131lmas\u0131<br>Tesis \u00c7evresi Hava Kalitesi Haritas\u0131n\u0131n \u00c7\u0131kar\u0131lmas\u0131<br>Hava Kirlenmesine Katk\u0131 De\u011ferlerinin Hesaplanmas\u0131<br>K\u0131sa ve Uzun Vadeli Hava Kalitesi \u00d6l\u00e7\u00fcm\u00fc<\/figcaption><\/figure>\n","protected":false},"excerpt":{"rendered":"","protected":false},"author":1,"featured_media":0,"parent":0,"menu_order":0,"comment_status":"closed","ping_status":"closed","template":"","meta":[],"_links":{"self":[{"href":"https:\/\/lev.com.tr\/index.php?rest_route=\/wp\/v2\/pages\/128"}],"collection":[{"href":"https:\/\/lev.com.tr\/index.php?rest_route=\/wp\/v2\/pages"}],"about":[{"href":"https:\/\/lev.com.tr\/index.php?rest_route=\/wp\/v2\/types\/page"}],"author":[{"embeddable":true,"href":"https:\/\/lev.com.tr\/index.php?rest_route=\/wp\/v2\/users\/1"}],"replies":[{"embeddable":true,"href":"https:\/\/lev.com.tr\/index.php?rest_route=%2Fwp%2Fv2%2Fcomments&post=128"}],"version-history":[{"count":2,"href":"https:\/\/lev.com.tr\/index.php?rest_route=\/wp\/v2\/pages\/128\/revisions"}],"predecessor-version":[{"id":195,"href":"https:\/\/lev.com.tr\/index.php?rest_route=\/wp\/v2\/pages\/128\/revisions\/195"}],"wp:attachment":[{"href":"https:\/\/lev.com.tr\/index.php?rest_route=%2Fwp%2Fv2%2Fmedia&parent=128"}],"curies":[{"name":"wp","href":"https:\/\/api.w.org\/{rel}","templated":true}]}}