{"id":143,"date":"2023-03-01T21:51:30","date_gmt":"2023-03-01T18:51:30","guid":{"rendered":"https:\/\/lev.com.tr\/?page_id=143"},"modified":"2023-03-01T23:21:44","modified_gmt":"2023-03-01T20:21:44","slug":"cevre-danismanlik","status":"publish","type":"page","link":"https:\/\/lev.com.tr\/?page_id=143","title":{"rendered":"\u00c7EVRE DANI\u015eMANLIK"},"content":{"rendered":"\n<figure class=\"wp-block-image size-large\"><img decoding=\"async\" loading=\"lazy\" width=\"1024\" height=\"679\" src=\"https:\/\/lev.com.tr\/wp-content\/uploads\/2023\/03\/LJHJY27R6BA2RBTQILG6NYSJKU-1024x679.jpg\" alt=\"\" class=\"wp-image-199\" srcset=\"https:\/\/lev.com.tr\/wp-content\/uploads\/2023\/03\/LJHJY27R6BA2RBTQILG6NYSJKU-1024x679.jpg 1024w, https:\/\/lev.com.tr\/wp-content\/uploads\/2023\/03\/LJHJY27R6BA2RBTQILG6NYSJKU-300x199.jpg 300w, https:\/\/lev.com.tr\/wp-content\/uploads\/2023\/03\/LJHJY27R6BA2RBTQILG6NYSJKU-768x509.jpg 768w, https:\/\/lev.com.tr\/wp-content\/uploads\/2023\/03\/LJHJY27R6BA2RBTQILG6NYSJKU-360x240.jpg 360w, https:\/\/lev.com.tr\/wp-content\/uploads\/2023\/03\/LJHJY27R6BA2RBTQILG6NYSJKU.jpg 1200w\" sizes=\"(max-width: 1024px) 100vw, 1024px\" \/><\/figure>\n\n\n\n<p>10.04.2014 tarih ve 29115 say\u0131 numaral\u0131 Resmi Gazete ile yay\u0131nlanarak y\u00fcr\u00fcrl\u00fc\u011fe giren \u00c7evre \u0130zin ve Lisans Y\u00f6netmeli\u011fi ile 21.09.2016 tarih ve 29834 say\u0131 numaral\u0131 Resmi Gazete ile yay\u0131nlanarak y\u00fcr\u00fcrl\u00fc\u011fe giren \u00c7evre \u0130zin ve Lisans Y\u00f6netmeli\u011finde De\u011fi\u015fiklik Yap\u0131lmas\u0131na Dair Y\u00f6netmelik kapsam\u0131nda sanayi kurulu\u015flar\u0131n\u0131n faaliyet, kapasite bak\u0131m\u0131ndan de\u011ferlendirmesi yap\u0131larak kapsam\u0131 belirlenir.<br>\u00c7evre izni veya \u00e7evre izin ve lisans ba\u015fvurusu, Ek-1 listesinde yer alan i\u015fletmeler i\u00e7in \u00e7evre dan\u0131\u015fmanl\u0131k firmalar\u0131 ya da \u00e7evre y\u00f6netim birimi taraf\u0131ndan, Ek-2 listesinde yer alan i\u015fletmeler i\u00e7in \u00e7evre dan\u0131\u015fmanl\u0131k firmalar\u0131, \u00e7evre y\u00f6netim birimi veya tesiste istihdam edilen \u00e7evre g\u00f6revlisi taraf\u0131ndan yap\u0131l\u0131r.<\/p>\n\n\n\n<p><strong>\u00c7EVRE \u0130Z\u0130NLER\u0130<\/strong><\/p>\n\n\n\n<p>-Hava Emisyonu<br>-At\u0131ksu De\u015farj\u0131<br>-\u00c7evresel G\u00fcr\u00fclt\u00fc<br>-Derin Deniz De\u015farj\u0131<\/p>\n\n\n\n<p><strong>\u00c7EVRE L\u0130SANSLARI<\/strong><\/p>\n\n\n\n<p><strong>1.Geri Kazan\u0131m<\/strong><br>\u2013 Tehlikeli At\u0131k<br>\u2013 Tehlikesiz At\u0131k<br>\u2013 At\u0131k Ya\u011f<br>\u2013 Bitkisel At\u0131k Ya\u011f<br>\u2013 At\u0131k Pil ve Ak\u00fcm\u00fclat\u00f6rler<br>\u2013 \u00d6mr\u00fcn\u00fc Tamamlam\u0131\u015f Lastik (\u00d6TL)<br>\u2013 Ambalaj At\u0131\u011f\u0131<\/p>\n\n\n\n<p><strong>2. Bertaraf<\/strong><br>\u2013 At\u0131k Yakma ve Birlikte Yakma<br>\u2013 \u0130leri Termal \u0130\u015flem Tesisleri (Piroliz, Gazla\u015ft\u0131rma)<br>\u2013 D\u00fczenli Depolama<\/p>\n\n\n\n<p><strong>3. Ara Depolama<\/strong><br>\u2013 At\u0131k Ara Depolama Tesisi<\/p>\n\n\n\n<p><strong>4. \u0130\u015fleme<\/strong><br>\u2013 Ambalaj At\u0131\u011f\u0131 Toplama ve Ay\u0131rma<br>\u2013 T\u0131bbi At\u0131k Sterilizasyon<br>\u2013 Gemi Geri D\u00f6n\u00fc\u015f\u00fcm Tesisi<br>\u2013 At\u0131ktan \u00dcretilmi\u015f Yak\u0131t Haz\u0131rlama Tesisi (ATY)<br>\u2013 Tanker Temizleme<br>\u2013 Hurda Metal \/ \u00d6mr\u00fcn\u00fc Tamamlam\u0131\u015f Ara\u00e7 \u0130\u015fleme (\u00d6TA)<br>\u2013 \u00d6mr\u00fcn\u00fc Tamamlam\u0131\u015f Ara\u00e7 Ge\u00e7ici Depolama (\u00d6TA)<br>\u2013 At\u0131k Elektrikli ve Elektronik E\u015fya \u0130\u015fleme<br>\u2013 At\u0131k Kabul Tesisi<\/p>\n\n\n\n<p><strong>5. Ar\u0131nd\u0131rma<\/strong><br>\u2013 PCB Ar\u0131nd\u0131rma<\/p>\n\n\n\n<p><strong>ATIK Y\u00d6NET\u0130M PLANI<\/strong><\/p>\n\n\n\n<p>02.04.2015 Tarihli 29314 Resmi Gazete Say\u0131l\u0131 At\u0131k Y\u00f6netimi Y\u00f6netmeli\u011finde \u201c\u00c7evreyle uyumlu bir \u015fekilde at\u0131k y\u00f6netimini sa\u011flamak \u00fczere haz\u0131rlanan k\u0131sa ve uzun vadeli program ve politikalar\u0131 i\u00e7eren plan\u201d olarak tan\u0131mlanan at\u0131k y\u00f6netim planlar\u0131, sanayi kurulu\u015flar\u0131na olu\u015fturulmas\u0131 gereken at\u0131k sahalar\u0131 hakk\u0131nda bilgi verilerek at\u0131k sahas\u0131n\u0131n in\u015fa edilmesi, i\u015fletmelerde olu\u015fan at\u0131klar\u0131n y\u00f6netmeli\u011fe uygun at\u0131k kodlar\u0131n\u0131n ve bertaraf \u015fekillerinin belirlenmesi, at\u0131klar\u0131n \u00c7evre ve \u015eehircilik Bakanl\u0131\u011f\u0131ndan lisansl\u0131 firmalara g\u00f6nderilmeleri ile ilgili d\u00f6k\u00fcmanlar\u0131n tamamlanmas\u0131n\u0131n ard\u0131ndan at\u0131k y\u00f6netim plan\u0131 \u00c7evre ve \u015eehircilik \u0130l M\u00fcd\u00fcrl\u00fc\u011f\u00fcne onaya sunulur.<\/p>\n\n\n\n<p><strong>B\u0130LD\u0130R\u0130M VE BEYANLAR (\u00c7evre Bilgi Sistemi)<\/strong><\/p>\n\n\n\n<p>Piyasaya S\u00fcr\u00fclen Ambalaj Bildirim ve Belgelendirilmesi<br>At\u0131k Y\u00f6netim Uygulamas\u0131 (At\u0131k Beyan Sistemi (TABS) \/ MoTAT \/ K\u00fctle Denge Sistemi (KDS))<br>Ambalaj Bilgi Sistemi Bildirimleri<br>Kirlenmi\u015f Sahalar Bilgi Sistemi Bildirimleri<br>At\u0131ksu Ar\u0131tma Tesisi Bilgi Sistemi (AAT)<br>PCB Envanteri (PCB)<br>Gemi At\u0131k Takip Sistemi (GATS)<br>Ozon Tabakas\u0131n\u0131 \u0130ncelten Maddeler (OT\u0130M)<br>\u00d6mr\u00fcn\u00fc Tamamlam\u0131\u015f Ara\u00e7lar (\u00d6TA)<br>Kimyasal Madde Envanter Bildirim Sistemi<br>G\u00fcvenlik Bilgi Formu Bildirim Sistemi<br>BEKRA Bildirim Sistemi (Eski SEVESO)<br>Kimyasal Kay\u0131t Sistemi<br>EEE ve AEEE Bilgi Sistemi<\/p>\n\n\n\n<p><strong>TEHL\u0130KES\u0130Z ATIKLAR TOPLAMA VE AYIRMA BELGES\u0130<\/strong><\/p>\n\n\n\n<p>17.06.2011 tarihli ve 27967 resmi gazete say\u0131l\u0131 Baz\u0131 Tehlikesiz At\u0131klar\u0131n Geri Kazan\u0131m\u0131 Tebli\u011fi Kapsam\u0131nda tehlikesiz at\u0131klar\u0131n toplanmas\u0131 ve ayr\u0131\u015ft\u0131r\u0131lmas\u0131 konusunda faaliyet g\u00f6steren tesislere Tehlikesiz At\u0131klar Toplama ve Ay\u0131rma Belgesi al\u0131n\u0131r. Bu ba\u011flamda tesislerde fiziksel \u015fartlar ve ilgili dok\u00fcmanlar\u0131n olu\u015fturulmas\u0131 sa\u011flan\u0131r.02.04.2015 Tarihli 29314 Resmi Gazete Say\u0131l\u0131 At\u0131k Y\u00f6netimi Y\u00f6netmeli\u011finden ihtiya\u00e7 duyulan at\u0131k kodlar\u0131 belirlenir. Metal at\u0131k toplayacak tesisler i\u00e7in radyasyon \u00f6l\u00e7\u00fcm cihaz\u0131 temin edilir ve Radyasyon \u00d6l\u00e7\u00fcm Cihaz\u0131 kullanacak personellerin e\u011fitim almas\u0131 sa\u011flan\u0131r.<\/p>\n\n\n\n<p><strong>AYLIK FAAL\u0130YET RAPORU, \u0130\u00c7 TETK\u0130KLER VE E\u011e\u0130T\u0130MLER<\/strong><\/p>\n\n\n\n<p>\u00c7evre dan\u0131\u015fmanl\u0131k hizmeti verilen i\u015fletmelere \u00c7evre \u0130zin ve Lisans Y\u00f6netmeli\u011fi Ek-1 listesinde yer alan i\u015fletmeler i\u00e7in Ayda 2 g\u00fcn, Ek-2 listesinde yer alan i\u015fletmeler i\u00e7in Ayda 1 g\u00fcn yap\u0131lan tesis ziyaretlerine ayl\u0131k faaliyet raporu d\u00fczenlenir. Ayl\u0131k faaliyet raporlar\u0131nda tesiste yap\u0131lan incelemeler sonucunda bilgi, g\u00f6r\u00fc\u015f ve \u00f6neriler aktar\u0131l\u0131r.<br>En az y\u0131lda bir i\u00e7 tetkik yap\u0131larak rapor sunulur. \u0130\u00e7 tetkiklerde tesislerin \u00c7evre Mevzuat\u0131 kapsam\u0131nda yer alan b\u00fct\u00fcn sorumluluklar\u0131 a\u00e7\u0131s\u0131ndan de\u011ferlendirmesi yap\u0131larak durum analizi yap\u0131l\u0131r. Yap\u0131lan i\u00e7 tetkikler rapor halinde i\u015fletme yetkililerine sunulur.<br>\u00c7evre dan\u0131\u015fmanl\u0131k hizmeti verilen i\u015fletmelerde istihdam edilen personellere y\u0131lda en az 1 defa olmak kayd\u0131yla \u00c7evre ve \u015eehircilik Bakanl\u0131\u011f\u0131n\u0131n belirlemi\u015f oldu\u011fu konular \u00fczerinden e\u011fitimler verilerek \u00e7al\u0131\u015fanlar\u0131n bilin\u00e7lendirilmesi sa\u011flan\u0131r.<\/p>\n","protected":false},"excerpt":{"rendered":"<p>10.04.2014 tarih ve 29115 say\u0131 numaral\u0131 Resmi Gazete ile yay\u0131nlanarak y\u00fcr\u00fcrl\u00fc\u011fe giren \u00c7evre \u0130zin ve Lisans Y\u00f6netmeli\u011fi ile 21.09.2016 tarih ve 29834 say\u0131 numaral\u0131 Resmi Gazete ile yay\u0131nlanarak y\u00fcr\u00fcrl\u00fc\u011fe giren \u00c7evre \u0130zin ve Lisans Y\u00f6netmeli\u011finde De\u011fi\u015fiklik Yap\u0131lmas\u0131na Dair Y\u00f6netmelik kapsam\u0131nda sanayi kurulu\u015flar\u0131n\u0131n faaliyet, kapasite bak\u0131m\u0131ndan de\u011ferlendirmesi yap\u0131larak kapsam\u0131 belirlenir.\u00c7evre izni [&hellip;]<\/p>\n","protected":false},"author":1,"featured_media":0,"parent":0,"menu_order":0,"comment_status":"closed","ping_status":"closed","template":"","meta":[],"_links":{"self":[{"href":"https:\/\/lev.com.tr\/index.php?rest_route=\/wp\/v2\/pages\/143"}],"collection":[{"href":"https:\/\/lev.com.tr\/index.php?rest_route=\/wp\/v2\/pages"}],"about":[{"href":"https:\/\/lev.com.tr\/index.php?rest_route=\/wp\/v2\/types\/page"}],"author":[{"embeddable":true,"href":"https:\/\/lev.com.tr\/index.php?rest_route=\/wp\/v2\/users\/1"}],"replies":[{"embeddable":true,"href":"https:\/\/lev.com.tr\/index.php?rest_route=%2Fwp%2Fv2%2Fcomments&post=143"}],"version-history":[{"count":3,"href":"https:\/\/lev.com.tr\/index.php?rest_route=\/wp\/v2\/pages\/143\/revisions"}],"predecessor-version":[{"id":200,"href":"https:\/\/lev.com.tr\/index.php?rest_route=\/wp\/v2\/pages\/143\/revisions\/200"}],"wp:attachment":[{"href":"https:\/\/lev.com.tr\/index.php?rest_route=%2Fwp%2Fv2%2Fmedia&parent=143"}],"curies":[{"name":"wp","href":"https:\/\/api.w.org\/{rel}","templated":true}]}}