{"id":172,"date":"2023-03-01T22:17:47","date_gmt":"2023-03-01T19:17:47","guid":{"rendered":"https:\/\/lev.com.tr\/?page_id=172"},"modified":"2023-03-01T22:27:11","modified_gmt":"2023-03-01T19:27:11","slug":"zemin-mekanigi-deneyleri","status":"publish","type":"page","link":"https:\/\/lev.com.tr\/?page_id=172","title":{"rendered":"LABORATUVAR DENEYLER\u0130"},"content":{"rendered":"\n<figure class=\"wp-block-image size-large\"><img decoding=\"async\" loading=\"lazy\" width=\"1024\" height=\"576\" src=\"https:\/\/lev.com.tr\/wp-content\/uploads\/2023\/03\/maxresdefault-1024x576.jpg\" alt=\"\" class=\"wp-image-173\" srcset=\"https:\/\/lev.com.tr\/wp-content\/uploads\/2023\/03\/maxresdefault-1024x576.jpg 1024w, https:\/\/lev.com.tr\/wp-content\/uploads\/2023\/03\/maxresdefault-300x169.jpg 300w, https:\/\/lev.com.tr\/wp-content\/uploads\/2023\/03\/maxresdefault-768x432.jpg 768w, https:\/\/lev.com.tr\/wp-content\/uploads\/2023\/03\/maxresdefault.jpg 1280w\" sizes=\"(max-width: 1024px) 100vw, 1024px\" \/><\/figure>\n\n\n\n<ul>\n<li><strong>ZEM\u0130N MEKAN\u0130\u011e\u0130 DENEYLER\u0130<\/strong><\/li>\n\n\n\n<li>K\u0131vam Limitleri (Atterberg Limitleri)<\/li>\n\n\n\n<li>Elek Analizi<\/li>\n\n\n\n<li>Su Muhtevas\u0131<\/li>\n\n\n\n<li>Hidrometre Analizi<\/li>\n\n\n\n<li>\u00d6zg\u00fcl A\u011f\u0131rl\u0131k<\/li>\n\n\n\n<li>Zemin S\u0131n\u0131f\u0131<\/li>\n\n\n\n<li>Konsolidasyon<\/li>\n\n\n\n<li>\u015ei\u015fme Bas\u0131nc\u0131 ve \u015ei\u015fme Y\u00fczdesi<\/li>\n\n\n\n<li>Serbest Bas\u0131n\u00e7 Dayan\u0131m\u0131<\/li>\n\n\n\n<li>\u00dc\u00e7 Eksenli Bas\u0131n\u00e7 Dayan\u0131m\u0131 (UU)<\/li>\n\n\n\n<li>Kesme Kutusu (UU)<\/li>\n\n\n\n<li>Ya\u015f ve Kuru CBR<\/li>\n\n\n\n<li>Standart ve Modifiye Proktor<\/li>\n\n\n\n<li>Laboratuvar Veyn Testi<\/li>\n\n\n\n<li>Elektrik Rezistivite<\/li>\n\n\n\n<li>Termal Rezistivite<\/li>\n\n\n\n<li>\u00dc\u00e7 Eksenli Bas\u0131n\u00e7 Dayan\u0131m\u0131 (CU, CD) (\u00dcniversite Onayl\u0131)<\/li>\n\n\n\n<li>Kesme Kutusu (CU, CD) (\u00dcniversite Onayl\u0131)<\/li>\n\n\n\n<li>Permeabilite<\/li>\n<\/ul>\n\n\n\n<h2><strong>AGREGA DENEYLER\u0130<\/strong><\/h2>\n\n\n\n<ul>\n<li>\u0130ri Agrega Birim Hacim A\u011f\u0131rl\u0131k ve Su Emme<\/li>\n\n\n\n<li>\u0130nce Agrega Birim Hacim A\u011f\u0131rl\u0131k ve Su Emme<\/li>\n\n\n\n<li>Agregada Gev\u015fek Birim A\u011f\u0131rl\u0131k<\/li>\n\n\n\n<li>Agregada S\u0131k\u0131\u015f\u0131k Birim A\u011f\u0131rl\u0131k<\/li>\n\n\n\n<li>T\u00fcvenan Agrega (Elek Analizi)<\/li>\n\n\n\n<li>\u0130ri Agrega (Elek Analizi)<\/li>\n\n\n\n<li>\u0130nce Agrega (Elek Analizi)<\/li>\n\n\n\n<li>T\u00fcvenan Agregan\u0131n Kum ve \u00c7ak\u0131la Ayrt\u0131lmas\u0131 ve Elek Analizi<\/li>\n\n\n\n<li>Beton Agregalar\u0131nda \u0130nce Madde Oran\u0131 Tayini<\/li>\n\n\n\n<li>Kil Topaklar\u0131 (\u00c7ak\u0131lda)<\/li>\n\n\n\n<li>\u0130nce Agregada Organik Madde (%3&#8217;l\u00fck NaOH ile)<\/li>\n\n\n\n<li>Hafif Madde (Kumda-\u00c7ak\u0131lda)<\/li>\n\n\n\n<li>Agregalar\u0131n Par\u00e7alanma Direnci Tayini -Dolgu<\/li>\n\n\n\n<li>(Los Angeles Metodu)<\/li>\n\n\n\n<li>Agregalar\u0131n Par\u00e7alanma Direnci Tayini- Subballast<\/li>\n\n\n\n<li>(Los Angeles Metodu)<\/li>\n\n\n\n<li>Agregalar\u0131n Par\u00e7alanma Direnci Tayini-Ballast<\/li>\n\n\n\n<li>(Los Angeles Metodu)<\/li>\n\n\n\n<li>Agregalar\u0131n Hava Tesirlerine Kar\u015f\u0131 Dayan\u0131kl\u0131l\u0131k Deneyi<\/li>\n\n\n\n<li>(Donma Deneyi Na2SO4 ile<\/li>\n\n\n\n<li>Alkal\u0131 Agrega Reaktivitesi&nbsp;(\u00dcniversite Onayl\u0131)<\/li>\n\n\n\n<li>Alkali-Silika Reaksiyonu KANADA (\u00dcniversite Onayl\u0131)<\/li>\n\n\n\n<li>Metilen Mavisi Deneyi<\/li>\n\n\n\n<li>Agregalar\u0131n Tane \u015eekli Tayini<\/li>\n\n\n\n<li>Yass\u0131l\u0131k Endeksi Tayini<\/li>\n\n\n\n<li>T\u00fcvenan Agrega \u0130le Agrega Kar\u0131\u015f\u0131m Hesab\u0131<\/li>\n\n\n\n<li>Donma \u00c7\u00f6z\u00fclme Deneyi<\/li>\n\n\n\n<li>Agregalar\u0131n A\u015f\u0131nma Direnci Tayini (Micro Deval metodu)<\/li>\n\n\n\n<li>Slake Durability Deneyi<\/li>\n<\/ul>\n\n\n\n<h2><strong>KAYA MEKAN\u0130\u011e\u0130<\/strong><\/h2>\n\n\n\n<ul>\n<li>Nokta Y\u00fckleme \u0130ndisi<\/li>\n\n\n\n<li>Tek Eksenli Bas\u0131n\u00e7 Dayan\u0131m\u0131<\/li>\n\n\n\n<li>Elastisite Mod\u00fcl\u00fc, Poisson Oran\u0131 Tayini<\/li>\n\n\n\n<li>\u00dc\u00e7 Eksenli Bas\u0131n\u00e7 Dayan\u0131m\u0131<\/li>\n\n\n\n<li>Su Emme, Porozite, Bo\u015fuk Oran\u0131<\/li>\n\n\n\n<li>Birim Hacim A\u011f\u0131rl\u0131k Tayini<\/li>\n\n\n\n<li>Brazillian \u00c7ekme Dayan\u0131m\u0131 Tayini<\/li>\n\n\n\n<li>Petrografik Analiz (\u00dcniversite Onayl\u0131)<\/li>\n<\/ul>\n","protected":false},"excerpt":{"rendered":"<p>AGREGA DENEYLER\u0130 KAYA MEKAN\u0130\u011e\u0130<\/p>\n","protected":false},"author":1,"featured_media":0,"parent":0,"menu_order":0,"comment_status":"closed","ping_status":"closed","template":"","meta":[],"_links":{"self":[{"href":"https:\/\/lev.com.tr\/index.php?rest_route=\/wp\/v2\/pages\/172"}],"collection":[{"href":"https:\/\/lev.com.tr\/index.php?rest_route=\/wp\/v2\/pages"}],"about":[{"href":"https:\/\/lev.com.tr\/index.php?rest_route=\/wp\/v2\/types\/page"}],"author":[{"embeddable":true,"href":"https:\/\/lev.com.tr\/index.php?rest_route=\/wp\/v2\/users\/1"}],"replies":[{"embeddable":true,"href":"https:\/\/lev.com.tr\/index.php?rest_route=%2Fwp%2Fv2%2Fcomments&post=172"}],"version-history":[{"count":3,"href":"https:\/\/lev.com.tr\/index.php?rest_route=\/wp\/v2\/pages\/172\/revisions"}],"predecessor-version":[{"id":181,"href":"https:\/\/lev.com.tr\/index.php?rest_route=\/wp\/v2\/pages\/172\/revisions\/181"}],"wp:attachment":[{"href":"https:\/\/lev.com.tr\/index.php?rest_route=%2Fwp%2Fv2%2Fmedia&parent=172"}],"curies":[{"name":"wp","href":"https:\/\/api.w.org\/{rel}","templated":true}]}}