{"id":184,"date":"2023-03-01T23:09:40","date_gmt":"2023-03-01T20:09:40","guid":{"rendered":"https:\/\/lev.com.tr\/?page_id=184"},"modified":"2023-03-01T23:09:41","modified_gmt":"2023-03-01T20:09:41","slug":"arazi-deneyleri-ve-jeofizik-olcumler","status":"publish","type":"page","link":"https:\/\/lev.com.tr\/?page_id=184","title":{"rendered":"Arazi Deneyleri ve Jeofizik \u00d6l\u00e7\u00fcmler"},"content":{"rendered":"\n<figure class=\"wp-block-image size-large\"><img decoding=\"async\" loading=\"lazy\" width=\"1024\" height=\"681\" src=\"https:\/\/lev.com.tr\/wp-content\/uploads\/2023\/03\/isp-peska-1024x681.jpg\" alt=\"\" class=\"wp-image-185\" srcset=\"https:\/\/lev.com.tr\/wp-content\/uploads\/2023\/03\/isp-peska-1024x681.jpg 1024w, https:\/\/lev.com.tr\/wp-content\/uploads\/2023\/03\/isp-peska-300x200.jpg 300w, https:\/\/lev.com.tr\/wp-content\/uploads\/2023\/03\/isp-peska-768x511.jpg 768w, https:\/\/lev.com.tr\/wp-content\/uploads\/2023\/03\/isp-peska-360x240.jpg 360w, https:\/\/lev.com.tr\/wp-content\/uploads\/2023\/03\/isp-peska.jpg 1496w\" sizes=\"(max-width: 1024px) 100vw, 1024px\" \/><\/figure>\n\n\n\n<h2>\u00a0 <strong>ARAZ\u0130 DENEYLER\u0130<\/strong><\/h2>\n\n\n\n<ul>\n<li>Standart Penetrasyon Deneyi (SPT)<\/li>\n\n\n\n<li>Konik Penetrasyon Testi (CPT,CPTU,SCPT)<\/li>\n\n\n\n<li>Presiyometre Deneyi<\/li>\n\n\n\n<li>Permeabilite Deneyi<\/li>\n\n\n\n<li>Bas\u0131n\u00e7l\u0131 Su Deneyi<\/li>\n\n\n\n<li>Dinamik Penetrasyon Deneyi &#8211; A\u011f\u0131r Tip (DPSH)<\/li>\n\n\n\n<li>Kum Konisi Testi<\/li>\n\n\n\n<li>Arazi Veyn Deneyi<\/li>\n\n\n\n<li>Plaka Y\u00fckleme Deneyi<\/li>\n<\/ul>\n\n\n\n<p><strong>\u00a0 \u00a0 \u00a0JEOF\u0130Z\u0130K \u00d6L\u00c7\u00dcMLER<\/strong><\/p>\n\n\n\n<figure class=\"wp-block-image size-large\"><img decoding=\"async\" loading=\"lazy\" width=\"1024\" height=\"873\" src=\"https:\/\/lev.com.tr\/wp-content\/uploads\/2023\/03\/Digital-Engineering-Seismograph-Seismometer-and-Seismic-Refraction-Equipment-Shear-Wave-Velocity-Testing-for-Sale-1024x873.jpg\" alt=\"\" class=\"wp-image-186\" srcset=\"https:\/\/lev.com.tr\/wp-content\/uploads\/2023\/03\/Digital-Engineering-Seismograph-Seismometer-and-Seismic-Refraction-Equipment-Shear-Wave-Velocity-Testing-for-Sale-1024x873.jpg 1024w, https:\/\/lev.com.tr\/wp-content\/uploads\/2023\/03\/Digital-Engineering-Seismograph-Seismometer-and-Seismic-Refraction-Equipment-Shear-Wave-Velocity-Testing-for-Sale-300x256.jpg 300w, https:\/\/lev.com.tr\/wp-content\/uploads\/2023\/03\/Digital-Engineering-Seismograph-Seismometer-and-Seismic-Refraction-Equipment-Shear-Wave-Velocity-Testing-for-Sale-768x655.jpg 768w, https:\/\/lev.com.tr\/wp-content\/uploads\/2023\/03\/Digital-Engineering-Seismograph-Seismometer-and-Seismic-Refraction-Equipment-Shear-Wave-Velocity-Testing-for-Sale.jpg 1280w\" sizes=\"(max-width: 1024px) 100vw, 1024px\" \/><\/figure>\n\n\n\n<ul>\n<li>Y\u00fczey Jeofizi\u011fi\n<ul>\n<li>Sismik \u00d6l\u00e7\u00fcmler\n<ul>\n<li>Sismik K\u0131r\u0131lma<\/li>\n\n\n\n<li>Sismik Yans\u0131ma<\/li>\n<\/ul>\n<\/li>\n\n\n\n<li>Rezistivite (Elektrik-\u00d6zdiren\u00e7) \u00d6l\u00e7\u00fcmleri<\/li>\n\n\n\n<li>Mikrotrem\u00f6r \u00d6l\u00e7\u00fcmleri<\/li>\n\n\n\n<li>GPR Yer Radar\u0131 \u00d6l\u00e7\u00fcmleri<\/li>\n<\/ul>\n<\/li>\n\n\n\n<li>Kuyu \u0130\u00e7i Jeofizi\u011fi\n<ul>\n<li>Sismik \u00d6l\u00e7\u00fcmler\n<ul>\n<li>Downhole<\/li>\n\n\n\n<li>Crosshole<\/li>\n\n\n\n<li>PS Logging<\/li>\n<\/ul>\n<\/li>\n<\/ul>\n<\/li>\n<\/ul>\n","protected":false},"excerpt":{"rendered":"<p>\u00a0 ARAZ\u0130 DENEYLER\u0130 \u00a0 \u00a0 \u00a0JEOF\u0130Z\u0130K \u00d6L\u00c7\u00dcMLER<\/p>\n","protected":false},"author":1,"featured_media":0,"parent":0,"menu_order":0,"comment_status":"closed","ping_status":"closed","template":"","meta":[],"_links":{"self":[{"href":"https:\/\/lev.com.tr\/index.php?rest_route=\/wp\/v2\/pages\/184"}],"collection":[{"href":"https:\/\/lev.com.tr\/index.php?rest_route=\/wp\/v2\/pages"}],"about":[{"href":"https:\/\/lev.com.tr\/index.php?rest_route=\/wp\/v2\/types\/page"}],"author":[{"embeddable":true,"href":"https:\/\/lev.com.tr\/index.php?rest_route=\/wp\/v2\/users\/1"}],"replies":[{"embeddable":true,"href":"https:\/\/lev.com.tr\/index.php?rest_route=%2Fwp%2Fv2%2Fcomments&post=184"}],"version-history":[{"count":1,"href":"https:\/\/lev.com.tr\/index.php?rest_route=\/wp\/v2\/pages\/184\/revisions"}],"predecessor-version":[{"id":187,"href":"https:\/\/lev.com.tr\/index.php?rest_route=\/wp\/v2\/pages\/184\/revisions\/187"}],"wp:attachment":[{"href":"https:\/\/lev.com.tr\/index.php?rest_route=%2Fwp%2Fv2%2Fmedia&parent=184"}],"curies":[{"name":"wp","href":"https:\/\/api.w.org\/{rel}","templated":true}]}}